s 12 (base 12) in base 6?
22
What is 2 (base 14) in base 8?
2
Convert -3 (base 12) to base 3.
-10
What is 22 (base 5) in base 15?
c
-b (base 15) to base 2
-1011
What is 240 (base 5) in base 7?
130
-4 (base 8) to base 14
-4
Convert -38 (base 10) to base 8.
-46
What is 17 (base 13) in base 4?
110
3 (base 13) to base 6
3
Convert 2231 (base 4) to base 2.
10101101
Convert -19 (base 12) to base 11.
-1a
Convert 7 (base 9) to base 2.
111
What is 1000 (base 2) in base 8?
10
3 (base 11) to base 15
3
Convert -52 (base 6) to base 3.
-1012
Convert 2 (base 13) to base 16.
2
What is -c (base 16) in base 9?
-13
Convert 3 (base 16) to base 15.
3
49 (base 10) to base 8
61
100 (base 2) to base 4
10
What is 23 (base 4) in base 2?
1011
203 (base 4) to base 14
27
What is 1 (base 15) in base 10?
1
20 (base 6) to base 2
1100
2 (base 12) to base 7
2
What is -10002 (base 3) in base 7?
-146
Convert 33 (base 10) to base 12.
29
What is 1301 (base 5) in base 2?
11001001
Convert -23 (base 4) to base 6.
-15
3 (base 6) to base 9
3
What is -4 (base 10) in base 5?
-4
16 (base 13) to base 7
25
What is -22 (base 15) in base 5?
-112
What is 0 (base 15) in base 6?
0
-3 (base 14) to base 8
-3
Convert 10 (base 6) to base 12.
6
What is -18 (base 16) in base 15?
-19
Convert 381 (base 10) to base 16.
17d
4 (base 14) to base 13
4
a (base 12) to base 3
101
Convert -4 (base 8) to base 3.
-11
Convert -12 (base 3) to base 8.
-5
Convert 120020 (base 3) to base 8.
633
-2 (base 12) to base 13
-2
Convert 2 (base 5) to base 7.
2
What is -100 (base 3) in base 14?
-9
Convert 8 (base 11) to base 4.
20
Convert -112 (base 6) to base 16.
-2c
What is 2 (base 7) in base 12?
2
9c (base 13) to base 6
333
What is 3 (base 4) in base 13?
3
28 (base 9) to base 10
26
1a (base 11) to base 15
16
1111 (base 2) to base 13
12
52 (base 9) to base 12
3b
What is 1000 (base 3) in base 2?
11011
5 (base 14) to base 15
5
10 (base 7) to base 8
7
Convert -20 (base 5) to base 14.
-a
Convert -2 (base 4) to base 15.
-2
-116 (base 10) to base 3
-11022
-1 (base 13) to base 16
-1
What is 22 (base 4) in base 9?
11
Convert 3 (base 6) to base 8.
3
Convert -93 (base 16) to base 3.
-12110
What is a (base 13) in base 7?
13
Convert 17 (base 12) to base 6.
31
Convert 10 (base 8) to base 16.
8
10211 (base 3) to base 16
67
-20 (base 4) to base 12
-8
1 (base 2) to base 13
1
What is -6 (base 10) in base 6?
-10
Convert -10001100 (base 2) to base 4.
-2030
Convert -211 (base 3) to base 2.
-10110
Convert -40 (base 10) to base 6.
-104
Convert 11 (base 6) to base 15.
7
Convert 200 (base 3) to base 14.
14
What is 2 (base 4) in base 12?
2
Convert -13 (base 6) to base 2.
-1001
37 (base 8) to base 2
11111
-31 (base 9) to base 15
-1d
8c (base 14) to base 5
444
Convert 6 (base 7) to base 12.
6
What is 0 (base 4) in base 9?
0
32 (base 4) to base 12
12
Convert 10011 (base 3) to base 2.
1010101
What is -2 (base 3) in base 10?
-2
Convert 126 (base 9) to base 5.
410
Convert 2 (base 10) to base 13.
2
Convert -3 (base 5) to base 16.
-3
Convert -11 (base 2) to base 11.
-3
-30 (base 14) to base 4
-222
5 (base 9) to base 4
11
Convert 117 (base 8) to base 16.
4f
Convert 14 (base 6) to base 12.
a
0 (base 12) to base 3
0
Convert 2002 (base 4) to base 8.
202
What is -103 (base 7) in base 10?
-52
What is 78 (base 15) in base 5?
423
What is -214 (base 5) in base 13?
-47
24 (base 6) to base 15
11
1 (base 8) to base 5
1
Convert -101 (base 10) to base 7.
-203
Convert 0 (base 6) to base 16.
0
What is -1100 (base 2) in base 4?
-30
-23 (base 4) to base 10
-11
What is 2 (base 16) in base 11?
2
-4 (base 10) to base 16
-4
What is 104 (base 16) in base 13?
170
-17 (base 15) to base 7
-31
140 (base 6) to base 11
55
Convert -3 (base 16) to base 6.
-3
What is 111100 (base 2) in base 9?
66
Convert 4 (base 5) to base 10.
4
-11111 (base 2) to base 11
-29
What is 12b (base 15) in base 3?
100212
Convert 11021 (base 4) to base 13.
1c4
What is 1a (base 14) in base 3?
220
-c (base 14) to base 6
-20
Convert -1 (base 3) to base 6.
-1
-1 (base 3) to base 4
-1
-a9 (base 15) to base 14
-b5
-11 (base 8) to base 15
-9
62 (base 16) to base 11
8a
Convert -113 (base 8) to base 16.
-4b
e3 (base 15) to base 8
325
Convert 0 (base 16) to base 6.
0
What is 2 (base 12) in base 2?
10
What is -5 (base 16) in base 10?
-5
-7 (base 12) to base 3
-21
What is -3 (base 5) in base 10?
-3
-59 (base 15) to base 3
-10010
Convert 53 (base 6) to base 11.
30
4 (base 14) to base 7
4
130 (base 4) to base 12
24
72 (base 9) to base 4
1001
Convert 2 (base 8) to base 14.
2
Convert -1 (base 12) to base 2.
-1
What is -3 (base 13) in base 2?
-11
-1 (base 3) to base 7
-1
Convert -6 (base 14) to base 9.
-6
-1 (base 6) to base 14
-1
-5 (base 12) to base 15
-5
What is 43 (base 6) in base 5?
102
What is -10000 (base 2) in base 5?
-31
Convert 1001110 (base 2) to base 16.
4e
-14 (base 6) to base 3
-101
What is -4 (base 11) in base 14?
-4
-5 (base 15) to base 11
-5
Convert -15 (base 13) to base 4.
-102
What is -1 (base 7) in base 10?
-1
287 (base 9) to base 5
1431
Convert 312 (base 6) to base 8.
164
What is -10201 (base 3) in base 2?
-1100100
111 (base 2) to base 6
11
Convert 120 (base 4) to base 7.
33
What is -3 (base 10) in base 2?
-11
Convert -c6 (base 13) to base 5.
-1122
-2100 (base 3) to base 2
-111111
13 (base 11) to base 5
24
What is 5 (base 8) in base 3?
12
Convert -3 (base 14) to base 4.
-3
Convert -32 (base 8) to base 9.
-28
Convert -3 (base 7) to base 3.
-10
-92 (base 12) to base 5
-420
21 (base 5) to base 16
b
Convert -15 (base 6) to base 16.
-b
Convert 101000011 (base 2) to base 11.
274
What is -5 (base 12) in base 16?
-5
What is 66 (base 7) in base 10?
48
-7 (base 14) to base 7
-10
Convert -201 (base 8) to base 13.
-9c
-331 (base 6) to base 10
-127
11 (base 10) to base 9
12
What is 12 (base 11) in base 5?
23
Convert -166 (base 10) to base 11.
-141
What is -111 (base 12) in base 9?
-184
0 (base 6) to base 10
0
What is -13 (base 14) in base 15?
-12
Convert -7 (base 13) to base 5.
-12
Convert 0 (base 15) to base 5.
0
What is 5 (base 13) in base 16?
5
-232 (base 11) to base 5
-2102
What is -3 (base 15) in base 13?
-3
Convert 8 (base 9) to base 6.
12
What is 38 (base 11) in base 16?
29
-122 (base 15) to base 9
-315
What is -3 (base 7) in base 10?
-3
Convert 312 (base 6) to base 8.
164
What is 20 (base 3) in base 10?
6
What is -1 (base 15) in base 10?
-1
What is 3 (base 7) in base 15?
3
What is -2 (base 10) in base 16?
-2
Convert 104 (base 12) to base 14.
a8
Convert -101011 (base 2) to base 5.
-133
20 (base 9) to base 13
15
Convert 3 (base 10) to base 3.
10
What is 108 (base 12) in base 9?
178
-2d (base 14) to base 12
-35
What is 348 (base 9) in base 11?
241
What is -3 (base 8) in base 13?
-3
-20 (base 8) to base 10
-16
What is 6 (base 9) in base 12?
6
8c (base 13) to base 9
138
-1100 (base 3) to base 13
-2a
What is 65 (base 9) in base 2?
111011
137 (base 13) to base 9
258
What is -123 (base 7) in base 2?
-1000010
5 (base 12) to base 16
5
-1202 (base 5) to base 11
-151
12 (base 11) to base 3
111
Convert -1224 (base 5) to base 2.
-10111101
What is 9a (base 15) in base 11?
122
Convert -e (base 16) to base 15.
-e
What is 3 (base 5) in base 15?
3
What is -20 (base 3) in base 6?
-10
Convert 1 (base 2) to base 4.
1
What is 15 (base 10) in base 16?
f
What is -146 (base 7) in base 14?
-5d
What is 10010010 (base 2) in base 6?
402
-2a (base 13) to base 9
-40
What is -212 (base 7) in base 12?
-8b
Convert -1 (base 2) to base 16.
-1
11001 (base 2) to base 5
100
2 (base 10) to base 6
2
16 (base 9) to base 12
13
What is 17 (base 8) in base 13?
12
-2 (base 8) to base 15
-2
Convert -4 (base 8) to base 11.
-4
1 (base 9) to base 16
1
-14 (base 5) to base 12
-9
Convert -26 (base 16) to base 6.
-102
Convert -72 (base 12) to base 9.
-105
-213 (base 6) to base 11
-74
4 (base 5) to base 13
4
What is -56 (base 9) in base 14?
-39
What is 127 (base 11) in base 2?
10010110
What is -15 (base 15) in base 5?
-40
Convert 150 (base 6) to base 2.
1000010
Convert -52 (base 7) to base 15.
-27
What is 93 (base 10) in base 9?
113
Convert c (base 13) to base 12.
10
Convert -152 (base 6) to base 12.
-58
Convert 111 (base 8) to base 7.
133
Convert 1011010 (base 2) to base 6.
230
-1132 (base 4) to base 6
-234
Convert 3 (base 13) to base 6.
3
Convert -86 (base 12) t